{"id":2,"date":"2016-02-29T18:17:33","date_gmt":"2016-02-29T17:17:33","guid":{"rendered":"http:\/\/scoutsmarins.ca\/?page_id=2"},"modified":"2026-03-12T22:44:28","modified_gmt":"2026-03-12T21:44:28","slug":"contacter","status":"publish","type":"page","link":"https:\/\/scoutsmarins.ca\/index.php\/contacter\/","title":{"rendered":"Nous joindre"},"content":{"rendered":"\n<p><\/p>\n\n\n<p>Pour toute question sur notre organisme et nos activit\u00e9s, veuillez communiquer avec nous:<\/p>\n<p><strong>T\u00e9l\u00e9phone:<\/strong><\/p>\n<p>(438) 826-7575<\/p>\n<p><strong>Courriel:<\/strong><\/p>\n<p>info@scoutsmarins.ca<\/p>\n<p><strong>Adresse postale:<\/strong><\/p>\n<p>3780 Grande All\u00e9e<\/p>\n<p>Saint-Hubert, Qc<\/p>\n<p>J4T 2V7<\/p>\n<p><strong>M\u00e9dia sociaux:<\/strong><\/p>\n<p>Abonnez-vous \u00e0 notre page <a href=\"https:\/\/www.facebook.com\/profile.php?id=100069304687994\">Facebook<\/a>!<\/p>","protected":false},"excerpt":{"rendered":"<p>Pour toute question sur notre organisme et nos activit\u00e9s, veuillez communiquer avec nous: T\u00e9l\u00e9phone: (438) 826-7575 Courriel: info@scoutsmarins.ca Adresse postale: 3780 Grande All\u00e9e Saint-Hubert, Qc J4T 2V7 M\u00e9dia sociaux: Abonnez-vous \u00e0 notre page Facebook!<\/p>\n","protected":false},"author":2,"featured_media":0,"parent":0,"menu_order":7,"comment_status":"closed","ping_status":"closed","template":"","meta":{"footnotes":""},"class_list":["post-2","page","type-page","status-publish","hentry"],"_links":{"self":[{"href":"https:\/\/scoutsmarins.ca\/index.php\/wp-json\/wp\/v2\/pages\/2","targetHints":{"allow":["GET"]}}],"collection":[{"href":"https:\/\/scoutsmarins.ca\/index.php\/wp-json\/wp\/v2\/pages"}],"about":[{"href":"https:\/\/scoutsmarins.ca\/index.php\/wp-json\/wp\/v2\/types\/page"}],"author":[{"embeddable":true,"href":"https:\/\/scoutsmarins.ca\/index.php\/wp-json\/wp\/v2\/users\/2"}],"replies":[{"embeddable":true,"href":"https:\/\/scoutsmarins.ca\/index.php\/wp-json\/wp\/v2\/comments?post=2"}],"version-history":[{"count":63,"href":"https:\/\/scoutsmarins.ca\/index.php\/wp-json\/wp\/v2\/pages\/2\/revisions"}],"predecessor-version":[{"id":1804,"href":"https:\/\/scoutsmarins.ca\/index.php\/wp-json\/wp\/v2\/pages\/2\/revisions\/1804"}],"wp:attachment":[{"href":"https:\/\/scoutsmarins.ca\/index.php\/wp-json\/wp\/v2\/media?parent=2"}],"curies":[{"name":"wp","href":"https:\/\/api.w.org\/{rel}","templated":true}]}}