{"id":94,"date":"2016-03-14T00:33:28","date_gmt":"2016-03-13T23:33:28","guid":{"rendered":"http:\/\/scoutsmarins.ca\/?page_id=94"},"modified":"2025-04-10T06:11:58","modified_gmt":"2025-04-10T05:11:58","slug":"mission-et-objectifs-pedagogiques","status":"publish","type":"page","link":"https:\/\/scoutsmarins.ca\/index.php\/mission-et-objectifs-pedagogiques\/","title":{"rendered":"Notre mission"},"content":{"rendered":"<p>Les Scouts Marins du Grand Montr\u00e9al ont pour mission de promouvoir et de rendre accessible le <a href=\"http:\/\/scoutsmarins.ca\/index.php\/scouts-marins\/\">scoutisme marin<\/a> au Qu\u00e9bec et dans l&rsquo;est ontarien. Notre <a href=\"http:\/\/scoutsmarins.ca\/index.php\/nos-voiliers\/\">flotte<\/a> d&#8217;embarcations est au service des unit\u00e9s de scoutisme qui d\u00e9sirent d\u00e9velopper des comp\u00e9tences nautiques et naviguer sur nos plans d&rsquo;eau uniques.<\/p>\n<p>Afin de permettre aux groupes de scoutisme de d\u00e9couvrir le fleuve, nous organisons des <a href=\"https:\/\/scoutsmarins.ca\/index.php\/formations\/\">formations<\/a> encadr\u00e9es par des <a href=\"https:\/\/scoutsmarins.ca\/index.php\/les-instructeurs-smgm\/\">instructeurs b\u00e9n\u00e9voles<\/a> qui accompagnent les \u00e9quipages. Ainsi, les jeunes et leurs accompagnateurs sont assur\u00e9s de naviguer en s\u00e9curit\u00e9 et d&rsquo;apprendre en naviguant.<\/p>\n<p>Les jeunes qui montent \u00e0 bord b\u00e9n\u00e9ficient d&rsquo;une double formation de scout et de marin. Ces acquis contribuent \u00e0 r\u00e9pondre aux d\u00e9fis d\u2019une citoyennet\u00e9 active, consciente et engag\u00e9e. Quoi de mieux pour pr\u00e9parer la rel\u00e8ve en nautisme et dans les m\u00e9tiers de la mer?<\/p>\n<p>Les Scouts Marins du Grand Montr\u00e9al pr\u00f4nent ainsi:<\/p>\n<ul>\n<li>L&rsquo;acquisition de comp\u00e9tences en nautisme<\/li>\n<li>La s\u00e9curit\u00e9 \u00e0 bord<\/li>\n<li>La courtoisie sur les plans d&rsquo;eau et en marina<\/li>\n<li>Le leadership<\/li>\n<li>Le respect de l&rsquo;environnement<\/li>\n<li>L\u2019esprit de service<\/li>\n<li>La d\u00e9brouillardise<\/li>\n<li>Le d\u00e9passement de soi<\/li>\n<li>Le travail d&rsquo;\u00e9quipe<\/li>\n<li>La sant\u00e9 mentale et physique<\/li>\n<li>L&rsquo;\u00e9ducation par l&rsquo;action<\/li>\n<\/ul>\n<p><img loading=\"lazy\" decoding=\"async\" class=\"wp-image-1131 alignleft\" src=\"http:\/\/scoutsmarins.ca\/wp-content\/uploads\/2023\/12\/Atalante-II-300x225.jpg\" alt=\"\" width=\"409\" height=\"307\" srcset=\"https:\/\/scoutsmarins.ca\/wp-content\/uploads\/2023\/12\/Atalante-II-300x225.jpg 300w, https:\/\/scoutsmarins.ca\/wp-content\/uploads\/2023\/12\/Atalante-II-768x576.jpg 768w, https:\/\/scoutsmarins.ca\/wp-content\/uploads\/2023\/12\/Atalante-II.jpg 960w\" sizes=\"auto, (max-width: 409px) 100vw, 409px\" \/><\/p>\n","protected":false},"excerpt":{"rendered":"<p>Les Scouts Marins du Grand Montr\u00e9al ont pour mission de promouvoir et de rendre accessible le scoutisme marin au Qu\u00e9bec et dans l&rsquo;est ontarien. Notre flotte d&#8217;embarcations est au service des unit\u00e9s de scoutisme qui d\u00e9sirent d\u00e9velopper des comp\u00e9tences nautiques et naviguer sur nos plans d&rsquo;eau uniques. Afin de permettre aux groupes de scoutisme de&hellip;<\/p>\n","protected":false},"author":2,"featured_media":0,"parent":0,"menu_order":2,"comment_status":"closed","ping_status":"closed","template":"","meta":{"footnotes":""},"class_list":["post-94","page","type-page","status-publish","hentry"],"_links":{"self":[{"href":"https:\/\/scoutsmarins.ca\/index.php\/wp-json\/wp\/v2\/pages\/94","targetHints":{"allow":["GET"]}}],"collection":[{"href":"https:\/\/scoutsmarins.ca\/index.php\/wp-json\/wp\/v2\/pages"}],"about":[{"href":"https:\/\/scoutsmarins.ca\/index.php\/wp-json\/wp\/v2\/types\/page"}],"author":[{"embeddable":true,"href":"https:\/\/scoutsmarins.ca\/index.php\/wp-json\/wp\/v2\/users\/2"}],"replies":[{"embeddable":true,"href":"https:\/\/scoutsmarins.ca\/index.php\/wp-json\/wp\/v2\/comments?post=94"}],"version-history":[{"count":30,"href":"https:\/\/scoutsmarins.ca\/index.php\/wp-json\/wp\/v2\/pages\/94\/revisions"}],"predecessor-version":[{"id":1659,"href":"https:\/\/scoutsmarins.ca\/index.php\/wp-json\/wp\/v2\/pages\/94\/revisions\/1659"}],"wp:attachment":[{"href":"https:\/\/scoutsmarins.ca\/index.php\/wp-json\/wp\/v2\/media?parent=94"}],"curies":[{"name":"wp","href":"https:\/\/api.w.org\/{rel}","templated":true}]}}